 = 4*p + 62. Suppose 0 = -3*t - t + p. Calculate the remainder when t is divided by w(6).
11
Let p(z) = -z + 1. What is the remainder when 41 is divided by p(-10)?
8
Suppose -3*q - 8 = -l - 0*l, 0 = -3*l + 2*q + 24. Let i be (10/6)/(9/270). Suppose -10 = -4*z + i. What is the remainder when z is divided by l?
7
What is the remainder when 119 is divided by 0 - (-1 - -4) - -43?
39
Suppose -21 = 15*w - 18*w. Calculate the remainder when w is divided by 2.
1
Suppose 2*o - 17 = -l, 4*l = -o - 3*o + 76. Suppose -l + 84 = 3*w. Let i(m) = -m**2 + 14*m - 7. Calculate the remainder when i(6) is divided by w.
20
Let w = -33 - -65. What is the remainder when 127 is divided by w?
31
Let f(o) = 63*o**3 + o**2 + o. Let k be f(-1). Calculate the remainder when k*((-20)/(-12) + -2) is divided by 8.
5
Suppose 0 = -4*g - 34 + 206. Calculate the remainder when g is divided by 11.
10
Let f = -3 - -1. Let d = 13 + 6. What is the remainder when d is divided by f/6*(-126)/6?
5
Let n(l) = 3*l**2 + 2*l - 5. Let u = -8 + 4. What is the remainder when n(u) is divided by (-2)/5 - 62/(-5)?
11
Let v(h) = h - 8. Let q be v(-9). Let o = -3 - q. Calculate the remainder when 38 is divided by o.
10
Let h(p) = -p**2 - p + 3. Let t = -7 + 5. What is the remainder when h(-2) is divided by (2 + 0)*t/(-4)?
0
Let m = 109 + -77. Let a = -21 + m. Suppose -9 = 4*t - 33. What is the remainder when a is divided by t?
5
Let i = -10 - -11. Calculate the remainder when 4 is divided by i.
0
Suppose 3*g = -q + 70, 80 = 4*g - 3*q + q. Calculate the remainder when 85 is divided by g.
19
Let u(q) = q**3 + 8*q**2 - 9*q - 2. Let j be u(-9). Calculate the remainder when 37 is divided by 4*j/(-4) - -11.
11
Let l be 1/(-2) - (-120)/(-16). Calculate the remainder when (-5)/(-20) + (-246)/l is divided by 16.
15
Let c = -16 + 10. Calculate the remainder when 7 is divided by (9/c)/((-3)/6).
1
Let j(h) = -2*h**2 - 19*h - 32. Calculate the remainder when j(-6) is divided by (2/2)/1*4.
2
Let w = -50 - -74. What is the remainder when 46 is divided by w?
22
What is the remainder when ((-44)/(-12))/((-2)/(-6)) is divided by (-3)/(-1)*(-4)/(-3)?
3
Suppose 2*d - 40 = 58. Calculate the remainder when d is divided by 13.
10
Let q(z) be the first derivative of z**2 - 2*z - 2. Let k be q(2). Let p(a) = 4*a**3 + a**2 + 3*a - 2. What is the remainder when p(k) is divided by 14?
12
Let s be (-4)/(-2*2/8). Let r = s - 0. Calculate the remainder when r is divided by 3.
2
Let v = -10 + 31. Let w = -6 - -4. Calculate the remainder when 39 - -1*(0 - w) is divided by v.
20
Calculate the remainder when 154 is divided by 2/(-11) - (-4802)/154.
30
Let t(s) = -35*s + 1. Calculate the remainder when t(-2) is divided by 24.
23
Let k = 28 - 17. Calculate the remainder when k is divided by 4.
3
Let q(a) = a**3 + 6*a**2 + 4*a - 4. Let k = -9 + 4. Let p = 0 + 3. Calculate the remainder when p is divided by q(k).
0
Suppose -2 = -2*d - 2*l, -2 + 4 = 2*d - 4*l. Let o(s) = -s**3 + 5*s**2 - 5*s. Let b be o(4). Calculate the remainder when ((-6)/b)/(6/8) is divided by d.
0
Suppose -4*h + 490 = 126. Calculate the remainder when h is divided by 20.
11
Suppose 5*m + 2*n + 18 = 0, -3*m = -2*m + 4*n. Calculate the remainder when 16 is divided by (-110)/(-20) - 2/m.
4
Let z(s) = -6*s + 1. Suppose 0 = -l - 4 + 2. Calculate the remainder when 37 is divided by z(l).
11
Suppose 0 = -0*y - y + 63. Calculate the remainder when 22 is divided by (-2)/9 + 518/y.
6
Suppose -v + 3*i = -3*v + 130, 5*i + 52 = v. Suppose 4*l = 2*l + v. Calculate the remainder when l is divided by 16.
15
Suppose -5*d + 40 = -4*d. What is the remainder when d is divided by 14?
12
Suppose 4*d = 210 - 42. Let n(b) = 22*b**2 - b. What is the remainder when d is divided by n(-1)?
19
Suppose -3*p + 25 = -6*y + 5*y, -5*p + 39 = y. What is the remainder when p is divided by 6?
2
Let h(w) = w**3 - 13*w**2 - 13*w + 20. What is the remainder when h(14) is divided by 9?
7
Let q(f) = 3*f + 12. Calculate the remainder when q(10) is divided by 22.
20
Let t = 1 - -5. Suppose 2*c = -3*p + 7 + 18, 5*c + p = 56. What is the remainder when c is divided by t?
5
Let d(f) = 2*f + 13. What is the remainder when 72 is divided by d(6)?
22
Suppose 653 = 11*k - 161. What is the remainder when 295 is divided by k?
73
Let w = -18 - -34. What is the remainder when w is divided by 5?
1
Let x = 30 + -18. Suppose 6*l - x = 2*l. Suppose -q + 52 = l*q. Calculate the remainder when 24 is divided by q.
11
Let g(x) = 4*x - 2 - 2*x**2 - 4*x**2 + 3*x**3 - 1 + 5*x**2. Suppose -3*z + 59 = -4*h, -48 = -3*z - 2*h - 19. What is the remainder when g(2) is divided by z?
12
Let s(b) = 5*b**2 - 2*b - 2. Let t be s(-1). Suppose -6 = 2*h, -p + 0*p + t*h = -100. What is the remainder when p is divided by 22?
19
Suppose 2*x + 3*u = 60, -3*u = -5*x + u + 127. Let m = -12 + x. What is the remainder when 73 is divided by m?
13
Suppose 0 = -7*l + 118 + 491. Calculate the remainder when l is divided by 22.
21
Let i be (-232)/(-6)*(9 - 6). Suppose k + i = 3*k. Suppose -74 = -3*o - 14. What is the remainder when k is divided by o?
18
Let x be 1 + 1 + -6 + 2. Let q be 2/x + (-3 - -4). Let i = q - -3. Calculate the remainder when 7 is divided by i.
1
Suppose -o = -2*q + 61, 4*o = 2*q + 2 - 60. Suppose 4*c + 3*z = 2*c + q, 5*z = 5*c - 140. What is the remainder when 43 is divided by c?
20
Suppose -5*o + 208 = -17. What is the remainder when o is divided by 7?
3
Suppose 0 = -z + 3, 41 - 2 = 3*c - 3*z. Calculate the remainder when (-126)/35*35/(-2) is divided by c.
15
Suppose -3*b = -5*v - 40, -4*b = 4*v + 9 - 73. Suppose 3*r - 18 - b = 5*f, -f + 3 = r. Calculate the remainder when 9 + 3 + (-1 - 0) is divided by r.
5
Suppose 4*o + 1445 = 9*o. Let w = o - 107. Suppose -4*n + 14 = -w. What is the remainder when n is divided by 17?
15
Let q(j) = -6*j**3 + 2*j**2 + 3*j + 1. What is the remainder when q(-2) is divided by 11?
7
Let z(l) = -5*l + 1. Suppose 5*g = -2 - 3. Let r(w) = 12*w - 1. What is the remainder when r(1) is divided by z(g)?
5
What is the remainder when 81 is divided by (-4 + 7 + -9)*28/(-6)?
25
Let m = -6 + 26. Let g = m - 6. Calculate the remainder when g is divided by 8.
6
Suppose -19 = -g + 5. Suppose 5*s - 188 = s. What is the remainder when s is divided by g?
23
Let w(b) = 1 + 1 + 4*b - 15*b. What is the remainder when w(-2) is divided by 9?
6
Let o = 49 - -1. Let p = 39 - 22. Calculate the remainder when o is divided by p.
16
Let g(l) = -l**3 - 5*l**2 + 3*l + 1. Let a be g(-5). Let q = a + 24. What is the remainder when 28 is divided by q?
8
Let p(t) = -20*t - 1. Calculate the remainder when p(-1) is divided by 7.
5
Suppose -4*u + u - 6 = -3*n, -2*u = 3*n - 16. Suppose 2*y - 25 = -3*y + 3*v, 4*y - 4*v - 20 = 0. What is the remainder when y is divided by u?
1
Suppose -70 = -108*z + 103*z. Calculate the remainder when 438/8 + (-1)/(-4) is divided by z.
13
Let q(u) = u**3 - u**2 - 3*u - 2. Let h be (6/(-4)*-2)/1. Calculate the remainder when ((-52)/(-6))/((-2)/(-3)) is divided by q(h).
6
Let z(s) = -s**3 + 17*s**2 + 19*s - 7. Calculate the remainder when 54 is divided by z(18).
10
Let o = -2 + 12. Calculate the remainder when (6/4)/(18/456) is divided by o.
8
Suppose 119 + 121 = 5*z. Calculate the remainder when z is divided by 25.
23
Suppose -3*h = -h - 4. Let q be (-6)/8 - 163/(-4). Suppose q = 6*a - h*a. What is the remainder when a is divided by 6?
4
Let r = 18 - 10. Let p = 7 - 4. Calculate the remainder when r is divided by p.
2
Suppose 15 + 120 = 5*s. What is the remainder when 78 is divided by s?
24
What is the remainder when (1/2)/(5/710) is divided by 24?
23
Let r = 236 - 139. What is the remainder when r is divided by 25?
22
Let r be 18/(-4)*(-6)/9. Suppose -5 = -4*v + c, -6 = -v + r*c + 2*c. What is the remainder when 34 is divided by -1 + 19*(v + 0)?
16
Suppose 5*x = -2*r - 12, 2*x + 3*r = -0*x - 7. Let b be 33/3 + 6/x. Let u = b - 5. What is the remainder when 7 is divided by u?
1
Suppose 5*k - 3*z + 14 = 109, 0 = z. Suppose 13*q - 767 + 78 = 0. Calculate the remainder when q is divided by k.
15
Suppose z - k = -4*z + 125, 0 = -3*k. Calculate the remainder when z is divided by 200/14 + (-2)/7.
11
Suppose 0 = 10*p - 6*p - 52. Calculate the remainder when 38 is divided by p.
12
Let c = 113 - 60. Calculate the rem